)?
5
Suppose 0 = 9*w - 8*w - 2. Let i = -2 + w. Suppose i*c - 66 = -3*c. What is the tens digit of c?
2
Suppose -3*c + 385 + 1043 = -v, 4*c - 1909 = 3*v. What is the units digit of c?
5
Suppose -2*b = -10 + 4. Suppose 4*n - 3*t = 3, -b*t + 3 = -2*n - 0*n. What is the units digit of 1 + (-2 - (-54)/n)?
7
Suppose 8*d = 15*d + 14. What is the tens digit of -141*d/3 + 4?
9
Suppose -61 = 5*t - 36, 2*n = -5*t + 2653. What is the tens digit of n?
3
Let q be 36/15 - 12/30. What is the hundreds digit of (-132)/12*(-30)/q?
1
Suppose 5*i + 33 + 12 = -3*n, i = 0. Let r = 46 + n. Let z = -15 + r. What is the tens digit of z?
1
Suppose y = -5*k + 1344, -3*k + 4*y = -502 - 286. Suppose -4*r + k = -5*n + n, -4*n + 5*r = 266. What is the tens digit of (n/(-4))/(6/16)?
4
Suppose 2*m + 2275 = 3*o, -5*o + 3793 = 2*m - 6*m. What is the units digit of o?
7
Let u = -12 + 16. Suppose 23 - 3 = u*g. Let f = g - 4. What is the units digit of f?
1
Suppose 29*i = 81 + 37242. What is the thousands digit of i?
1
Let t = 120 - 78. Let z = -16 + t. What is the tens digit of z?
2
Let n(t) = 2*t**2 + 25*t + 14. Let i be n(-12). Let a(l) = 9*l**3 - 2*l**2 + 3*l + 1. What is the units digit of a(i)?
1
Let f(s) be the first derivative of 3*s**2/2 + s + 5. Let n(u) = u. Let l(y) = f(y) - 2*n(y). What is the units digit of l(8)?
9
Let x = 17 - 14. Suppose -j + t + x = 0, 2*j + 2*t - 11 = -1. Suppose -136 = -j*o - 4. What is the tens digit of o?
3
Suppose -i + 0*i + 225 = -3*p, 4*p = -i - 300. Let l = 125 + p. Suppose -3*f - l = -5*f. What is the units digit of f?
5
Let l(m) = -7*m**3 + 20*m**2 + 31*m + 15. What is the units digit of l(-4)?
9
Let l(v) = -v**3 - 7*v**2 + 9*v - 4. Let u be l(-8). Let x = u - -16. Suppose x*w + 15 = 7*w. What is the units digit of w?
5
Suppose 12*w - 28 = 740. What is the units digit of w?
4
Let n(u) = -3*u - 6. Let t be n(-5). Suppose 0 = 3*s + 3 + t. What is the units digit of (-5)/20 + (-165)/s?
1
Suppose 2*m = 2, -c + 7*m = 8*m - 424. What is the hundreds digit of c?
4
Suppose 515*o - 504*o - 14916 = 0. What is the thousands digit of o?
1
Suppose 5*p + 3*u = u + 371, -5*u - 385 = -5*p. Suppose 47 = -t - 3*h, 2*h + 81 = -3*t + 5*h. What is the units digit of t/3*p/(-20)?
0
Suppose -m + 9030 = 5*q, 364 = -3*q + 3*m + 5764. What is the tens digit of q?
0
Suppose -n - 3*t + 880 = 2*t, 3*t = -3*n + 2592. What is the tens digit of n?
6
What is the units digit of ((-4)/(-1))/(1/39)?
6
Suppose -2*f + f = -157. Suppose -s - f = -2*n - 2*s, 5*n - s - 396 = 0. What is the tens digit of n?
7
Suppose -2*h + 2*u + 6 = 0, 3*h + 0*h - u - 7 = 0. Suppose 3*r - 2*c - h*c - 784 = 0, 2*c = 2*r - 520. What is the hundreds digit of r?
2
Suppose -4*v - 430 = -2*g, 5*v - 954 + 55 = -4*g. What is the hundreds digit of g?
2
Suppose -4*h = -2*q - 2*q + 12, -5*h - 10 = -4*q. Suppose q*p - p = 0, -2*w + 4*p = -288. What is the tens digit of w?
4
Let b be (-1)/((-525)/(-2340) + (-2)/8). What is the hundreds digit of (-1062)/(-8) + -2 + b/(-52)?
1
Suppose 4*t - 15 = -t. Let k(o) = o**3 - 3*o + 2*o**t - 3*o**3 - 4*o**2 + o**3 + 19. What is the units digit of k(6)?
3
Let o = 8 - 7. What is the tens digit of (3/6)/(o/66)?
3
Let m(q) = -12*q - 3. Suppose -5*n - 4*t = 39, 3*n + 3*t + 26 = -2*t. What is the tens digit of m(n)?
8
Suppose 38*y - 3078 = 29*y. What is the hundreds digit of y?
3
Suppose -85*i + 2382 = -82*i. What is the hundreds digit of i?
7
Suppose -z - v = -21, -4*z + 6*v = 5*v - 69. Let f = 30 - z. What is the units digit of f?
2
Suppose -4*i - 9537 = -5*v + 7591, 5*i + 6841 = 2*v. What is the units digit of v?
8
Let k = -41 - -44. Let n = 2 - 2. Suppose -3*h - 2*j = -n*j - 69, -4*h + 75 = -k*j. What is the units digit of h?
1
Let r = 37 - 15. What is the units digit of 2/((-12)/r)*-66*1?
2
Let m = 16 - 12. Suppose -6 - 22 = -4*p + 5*h, -m*p - 5*h - 12 = 0. What is the tens digit of ((-12)/9)/(p/(-15))?
1
Suppose -72 = 2*v + 4*k, -4*v + 5*k = -0*v + 105. What is the units digit of (10/2 - -1)*(-26 - v)?
4
What is the hundreds digit of -7 + (-474)/(-66) + 15134/11?
3
Suppose -6 = 6*j - 3*j. Let u = 2 - j. Suppose 0*g = u*g - 48. What is the tens digit of g?
1
Suppose -2*w + z = 2*z + 101, 2*z - 98 = 2*w. Let p = w + 101. What is the tens digit of p?
5
Let h = -34 + 42. Suppose k = 2*m - 352, -867 = -5*m - h*k + 4*k. What is the hundreds digit of m?
1
What is the hundreds digit of 3 + (-11 - -3) + 3194?
1
Let j be (0 + -6)*(-12 - -16). Let f = 26 + j. Suppose -f*i + 414 = 4*i. What is the units digit of i?
9
Suppose -5984 = -49*i + 41*i. What is the hundreds digit of i?
7
Suppose -c + 2*c = 2*p + 1049, 0 = -5*c - p + 5234. What is the hundreds digit of c?
0
Suppose 97*w + 5160 = 102*w. What is the tens digit of w?
3
Suppose -771*a + 766*a + 800 = 0. What is the tens digit of a?
6
What is the thousands digit of (-228)/(-57) - (-1215 - -1)?
1
Let v = 1353 - 22. What is the units digit of v?
1
Let y(l) = -l - 2. Suppose 4*w + 10 + 6 = 0. Let t be y(w). What is the units digit of (-5)/(10/(-28)) + t?
6
Let i = 313 + -199. Let t = i + 63. What is the units digit of t?
7
Suppose 55*b - 68552 = 11*b. What is the thousands digit of b?
1
Let p = 0 + 23. Suppose -2*j + 4*a + 8 = -0*j, 4*j - a = p. Suppose -2*l - 2*d = -5*l + 13, -4*l + j = 3*d. What is the units digit of l?
3
Let v(f) = -f**3 + 18*f**2 - 13*f - 2. What is the units digit of v(16)?
2
Let y be (219/(-2))/(9/(-18)). Suppose y = 13*n - 10*n. What is the tens digit of n?
7
Suppose 0 = -k + 7*k - 1932. What is the tens digit of k?
2
Suppose -4*g - 51 = -3. Let c = 127 - g. What is the tens digit of c?
3
Suppose -205 = 3*u + 2*u. Suppose -4*i - 260 = -4*b, 3*b = -5*i + 4 + 231. Let o = b + u. What is the units digit of o?
9
Let d = 1860 + -325. What is the hundreds digit of d?
5
Suppose 0 = -4*w + 5*m + 18, 3*w + 8*m - 3*m + 4 = 0. Suppose 16 - 12 = -w*g. What is the tens digit of 12/8*(-64)/g?
4
Suppose -4*q = -16, -2*q + 6*q + 1283 = 3*r. What is the units digit of r?
3
Let f = 1426 + -596. What is the tens digit of f?
3
Suppose 3*m - 5*u = 1420, -2*m - u - 949 = -4*m. What is the tens digit of m?
7
Let c = 16 - 12. Suppose 0 = 5*l + 4*x + c + 2, -12 = 4*l + 5*x. What is the tens digit of (-1)/(l/(-4)) - -34?
3
Suppose 18 = -5*a + 5*m + 43, -5*m - 25 = 0. Suppose a = 10*u - 9*u. Suppose u = 3*x + 5*q - 61, -2*q + 93 = 5*x + 2*q. What is the units digit of x?
7
Suppose 0 = -4*t + 817 - 41. What is the hundreds digit of t?
1
Let p(w) = 418*w - 843. What is the tens digit of p(6)?
6
Suppose -4*t + 5 = -5*g + t, 2*t = 4*g - 6. Suppose -g*q + 121 = -43. Suppose -q = -2*b + 3*i, -5*b - i = -5*i - 85. What is the units digit of b?
3
Let z(v) = 14*v. Let j be z(5). What is the units digit of 3/9 - -8*j/12?
7
Let o(k) = 10*k + 4. Let a(m) = m**2 + 9*m - 3. Let f be a(-9). Let d be o(f). Let g = d + 52. What is the tens digit of g?
2
Let p = 14 - 12. Suppose 24 = -p*l + 176. What is the tens digit of l?
7
Suppose -9*b = 8*b - 14552. What is the units digit of b?
6
Suppose 48*p = 50*p - 3*n - 8737, -p - 5*n = -4336. What is the tens digit of p?
6
Suppose 5*z = -z + 42. Suppose 2*r + 5*w - 10 = 0, 3*r + 2*r - w - 25 = 0. Suppose 2*o - r = z. What is the units digit of o?
6
Let t = -55 - -59. What is the tens digit of 334/4 + t*9/(-24)?
8
Let s = 71 + 397. Suppose -3*o + 3*w + 303 = 0, 4*w + s = 5*o - 41. Suppose 6*q - o = q. What is the units digit of q?
1
Let z(j) be the second derivative of j**5/20 + 5*j**4/6 + 4*j**3/3 - 11*j**2/2 - j. What is the tens digit of z(-8)?
5
Let w = 31 - 20. Suppose -3*i = -w - 7. What is the units digit of (-612)/27*i/(-4)?
4
Let q(t) = -2*t**3 - 13*t**2 - 2*t - 1. Let y be q(-9). Suppose -3*p + 4*p - 144 = 4*a, 0 = 3*p - 2*a - y. What is the hundreds digit of p?
1
What is the units digit of (2/4)/(7/5838*1)?
7
What is the tens digit of 0 + (-1)/3 + (-4521)/(-9)?
0
Let k = 220 - -495. What is the units digit of k?
5
Suppose 0 = -8*n + 12*n + 24. Let x be 4/(-6) - 178/n. Suppose 0 = 4*r - 4*w - 4 - 16, 4*r - x = w. What is the units digit of r?
8
Let m = -85 + 260. Suppose 2*i - 7*i + m = 0. What is the units digit of i?
5
Let g(z) = -156*z - 208. What is the units digit of g(-7)?
4
Suppose -25*p + 27*p = 56. Let f = -26 + p. What is the units digit of f?
2
Let h be 32/48*(-3)/2*3. Let w(x) be t